{"id":3579,"date":"2025-11-16T11:30:46","date_gmt":"2025-11-16T09:30:46","guid":{"rendered":"https:\/\/harrastekerhotsalo.fi\/?page_id=3579"},"modified":"2025-11-16T11:36:18","modified_gmt":"2025-11-16T09:36:18","slug":"yhdistyksen-hallitus","status":"publish","type":"page","link":"https:\/\/harrastekerhotsalo.fi\/index.php\/yhdistyksen-hallitus\/","title":{"rendered":"Yhdistyksen hallitus"},"content":{"rendered":"\t\t<div data-elementor-type=\"wp-page\" data-elementor-id=\"3579\" class=\"elementor elementor-3579\">\n\t\t\t\t<div class=\"elementor-element elementor-element-7c4e1b1 e-flex e-con-boxed e-con e-parent\" data-id=\"7c4e1b1\" data-element_type=\"container\" data-e-type=\"container\">\n\t\t\t\t\t<div class=\"e-con-inner\">\n\t\t\t\t<div class=\"elementor-element elementor-element-1509b3e elementor-widget elementor-widget-heading\" data-id=\"1509b3e\" data-element_type=\"widget\" data-e-type=\"widget\" data-widget_type=\"heading.default\">\n\t\t\t\t\t<h2 class=\"elementor-heading-title elementor-size-default\">Yhdistyksen hallituksen toimintakausi on vuosikokouksesta seuraavaan vuosikokoukseen.<\/h2>\t\t\t\t<\/div>\n\t\t\t\t\t<\/div>\n\t\t\t\t<\/div>\n\t\t<div class=\"elementor-element elementor-element-c429b6d e-flex e-con-boxed e-con e-parent\" data-id=\"c429b6d\" data-element_type=\"container\" data-e-type=\"container\">\n\t\t\t\t\t<div class=\"e-con-inner\">\n\t\t<div class=\"elementor-element elementor-element-33a10e9 e-con-full e-flex e-con e-child\" data-id=\"33a10e9\" data-element_type=\"container\" data-e-type=\"container\">\n\t\t\t\t<div class=\"elementor-element elementor-element-e8beb78 elementor-widget elementor-widget-heading\" data-id=\"e8beb78\" data-element_type=\"widget\" data-e-type=\"widget\" data-widget_type=\"heading.default\">\n\t\t\t\t\t<h3 class=\"elementor-heading-title elementor-size-default\">Hallitus 2025-2026<\/h3>\t\t\t\t<\/div>\n\t\t\t\t<\/div>\n\t\t<div class=\"elementor-element elementor-element-9f7f16d e-con-full e-flex e-con e-child\" data-id=\"9f7f16d\" data-element_type=\"container\" data-e-type=\"container\">\n\t\t\t\t<div class=\"elementor-element elementor-element-778976c elementor-widget elementor-widget-text-editor\" data-id=\"778976c\" data-element_type=\"widget\" data-e-type=\"widget\" data-widget_type=\"text-editor.default\">\n\t\t\t\t\t\t\t\t\t<p><strong>Juha Kivirinta,<\/strong>\u00a0puheenjohtaja<br \/><strong>Esa Koskela,<\/strong>\u00a0varapuheenjohtaja<br \/><strong>Mika Kortelainen,<\/strong>\u00a0sihteeri<br \/><strong>Jyrki Sippola,<\/strong>\u00a0rahastonhoitaja, Musiikki<br \/><strong>Harri Wallenius,<\/strong>\u00a0j\u00e4sen, Biljardi<br \/><strong>Otso Yl\u00f6nen,\u00a0<\/strong>j\u00e4sen, Kulttuuri, Radio<br \/><strong>Petri Hokkanen,\u00a0<\/strong>j\u00e4sen, ERWT-varaussovellus<br \/><strong>Sami Koskinen,\u00a0<\/strong>j\u00e4sen, Urheilu<br \/><strong>Ilkka H\u00f6rkk\u00f6,\u00a0<\/strong>varaj\u00e4sen<br \/><strong>Tomi Joutsila,\u00a0<\/strong>varaj\u00e4sen<\/p>\t\t\t\t\t\t\t\t<\/div>\n\t\t\t\t<\/div>\n\t\t\t\t\t<\/div>\n\t\t\t\t<\/div>\n\t\t<div class=\"elementor-element elementor-element-44c5810 e-flex e-con-boxed e-con e-parent\" data-id=\"44c5810\" data-element_type=\"container\" data-e-type=\"container\">\n\t\t\t\t\t<div class=\"e-con-inner\">\n\t\t\t\t<div class=\"elementor-element elementor-element-955fbb1 elementor-widget elementor-widget-text-editor\" data-id=\"955fbb1\" data-element_type=\"widget\" data-e-type=\"widget\" data-widget_type=\"text-editor.default\">\n\t\t\t\t\t\t\t\t\t<p>Voit ottaa yhteytt\u00e4 hallitukseen osoitteella hks (@) harrastekerhotsalo.fi tai <a href=\"https:\/\/harrastekerhotsalo.fi\/index.php\/ota-yhteytta\/\">yhteydenottolomakkeella.<\/a>.<\/p>\t\t\t\t\t\t\t\t<\/div>\n\t\t\t\t\t<\/div>\n\t\t\t\t<\/div>\n\t\t<div class=\"elementor-element elementor-element-9d1f0da e-flex e-con-boxed e-con e-parent\" data-id=\"9d1f0da\" data-element_type=\"container\" data-e-type=\"container\">\n\t\t\t\t\t<div class=\"e-con-inner\">\n\t\t\t\t<div class=\"elementor-element elementor-element-1c174a9 elementor-widget elementor-widget-text-editor\" data-id=\"1c174a9\" data-element_type=\"widget\" data-e-type=\"widget\" data-widget_type=\"text-editor.default\">\n\t\t\t\t\t\t\t\t\t<p>Vanhojen hallitusten historiatietoa l\u00f6yd\u00e4t sivulta <a href=\"https:\/\/harrastekerhotsalo.fi\/index.php\/vanhoja-hallituksia\/\">Vanhoja hallituksia<\/a>.<\/p>\t\t\t\t\t\t\t\t<\/div>\n\t\t\t\t\t<\/div>\n\t\t\t\t<\/div>\n\t\t\t\t<\/div>\n\t\t","protected":false},"excerpt":{"rendered":"<p>Yhdistyksen hallituksen toimintakausi on vuosikokouksesta seuraavaan vuosikokoukseen. Hallitus 2025-2026 Juha Kivirinta,\u00a0puheenjohtajaEsa Koskela,\u00a0varapuheenjohtajaMika Kortelainen,\u00a0sihteeriJyrki Sippola,\u00a0rahastonhoitaja, MusiikkiHarri Wallenius,\u00a0j\u00e4sen, BiljardiOtso Yl\u00f6nen,\u00a0j\u00e4sen, Kulttuuri, RadioPetri Hokkanen,\u00a0j\u00e4sen, ERWT-varaussovellusSami Koskinen,\u00a0j\u00e4sen, UrheiluIlkka H\u00f6rkk\u00f6,\u00a0varaj\u00e4senTomi Joutsila,\u00a0varaj\u00e4sen Voit ottaa yhteytt\u00e4 hallitukseen osoitteella hks (@) harrastekerhotsalo.fi tai yhteydenottolomakkeella.. Vanhojen hallitusten historiatietoa l\u00f6yd\u00e4t sivulta Vanhoja hallituksia.<\/p>\n","protected":false},"author":3,"featured_media":0,"parent":0,"menu_order":0,"comment_status":"closed","ping_status":"closed","template":"","meta":{"footnotes":""},"class_list":["post-3579","page","type-page","status-publish","hentry"],"jetpack_sharing_enabled":true,"_links":{"self":[{"href":"https:\/\/harrastekerhotsalo.fi\/index.php\/wp-json\/wp\/v2\/pages\/3579","targetHints":{"allow":["GET"]}}],"collection":[{"href":"https:\/\/harrastekerhotsalo.fi\/index.php\/wp-json\/wp\/v2\/pages"}],"about":[{"href":"https:\/\/harrastekerhotsalo.fi\/index.php\/wp-json\/wp\/v2\/types\/page"}],"author":[{"embeddable":true,"href":"https:\/\/harrastekerhotsalo.fi\/index.php\/wp-json\/wp\/v2\/users\/3"}],"replies":[{"embeddable":true,"href":"https:\/\/harrastekerhotsalo.fi\/index.php\/wp-json\/wp\/v2\/comments?post=3579"}],"version-history":[{"count":7,"href":"https:\/\/harrastekerhotsalo.fi\/index.php\/wp-json\/wp\/v2\/pages\/3579\/revisions"}],"predecessor-version":[{"id":3594,"href":"https:\/\/harrastekerhotsalo.fi\/index.php\/wp-json\/wp\/v2\/pages\/3579\/revisions\/3594"}],"wp:attachment":[{"href":"https:\/\/harrastekerhotsalo.fi\/index.php\/wp-json\/wp\/v2\/media?parent=3579"}],"curies":[{"name":"wp","href":"https:\/\/api.w.org\/{rel}","templated":true}]}}